{"id":290,"date":"2019-02-26T15:05:06","date_gmt":"2019-02-26T14:05:06","guid":{"rendered":"http:\/\/www.bloggerjobs.de\/blog\/?page_id=290"},"modified":"2019-03-21T15:36:09","modified_gmt":"2019-03-21T14:36:09","slug":"lexikon-b","status":"publish","type":"page","link":"https:\/\/www.bloggerjobs.de\/blog\/lexikon-b\/","title":{"rendered":"Bloglexikon &raquo; B"},"content":{"rendered":"<p>Hier finden Sie relevante Begriffe zum Buchstaben &#8222;B&#8220;\u00a0aus der Welt der Blogs und Blogger einfach und \u00fcbersichtlich erkl\u00e4rt.<\/p>\n<p><b>Bezahlmodelle<\/b><br \/>\nWas sind g\u00e4ngige Verg\u00fctungsmodelle f\u00fcr die Auftragsarbeiten von Bloggern? [<a href=\"ttp:\/\/www.bloggerjobs.de\/blog\/lexikon-entlohnung-blogger\/\">mehr<\/a>] <\/p>\n<p><b>Blog<\/b><br \/>\nDer Begriff Blog ist eine Abk\u00fcrzung und stammt von dem Kunstwort \u201eWeblog\u201c ab. Weblog bildete sich im englischen Sprachraum heraus von \u201eweb\u201c &#8211; f\u00fcr Word Wide Web &#8230; [<a href=\"https:\/\/www.bloggerjobs.de\/blog\/lexikon-blog\/\">mehr<\/a>]<\/p>\n<p><b>Blog Aktionen<\/b><br \/>\nBlogaktionen haben sich \u00fcber die Zeit in der Blogosph\u00e4re als eine Art des &#8230; [<a href=\"https:\/\/www.bloggerjobs.de\/blog\/blog-aktion\/\">mehr<\/a>]<\/p>\n<p><b>Blogger<\/b><br \/>\nEin Blogger ist der, der aktiv einen Weblog bzw. Blog betreibt. Blogger gibt es in allen sozialen Schichten, Berufsgruppen &#8230; [<a href=\"https:\/\/www.bloggerjobs.de\/blog\/lexikon-blogger\/\">mehr<\/a>]<\/p>\n<p><b>B-Blogger<\/b><br \/>\nWenn man so will, die \u201ePromi-Anw\u00e4rter\u201c. Blogger, die t\u00e4glich zwischen 100 und 1000 Besuchern bzw. Leser am Tag begeistern k\u00f6nnen &#8230; [<a href=\"https:\/\/www.bloggerjobs.de\/blog\/b-blogger\/\">mehr<\/a>]<\/p>\n<p><b>Blog-Hoster<\/b><br \/>\nSogenannte Bloghoster nehmen einen die meisten der oben genannten Voraussetzungen ab. Sogar meist kostenlos! Wer bloggen nur als Hobby sieht, ist mit so einer L\u00f6sung&#8230; [<a href=\" https:\/\/www.bloggerjobs.de\/blog\/lexikon-bloghoster\/\">mehr<\/a>]<\/p>\n<p><b>Blog Karneval<\/b><br \/>\nSiehe \u201eBlog Parade\u201c.<\/p>\n<p><b>Blogosph\u00e4re<\/b><br \/>\nDas gesamte Universum aller Blogs, deren Vernetzung und Beziehung untereinander &#8230; [<a href=\"https:\/\/www.bloggerjobs.de\/blog\/lexikon-blogosphaere\/\">mehr<\/a>]<\/p>\n<p><b>Blog Parade<\/b><br \/>\nEine Blog-Parade ist eine von drei Blogaktionen. Man kann sich das vielleicht am besten als ein Schreibkontest zu einem bestimmten &#8230; [<a href=\"https:\/\/www.bloggerjobs.de\/blog\/lexikon-blogparade\/\">mehr<\/a>]<\/p>\n<p><b>Blogger Software<\/b><br \/>\nEs gibt zwei M\u00f6glichkeiten, selbst einen eigenen Blog zu betreiben. Der eine Weg ist, den Blog bei sogenannten Blog-Hostern zu erstellen. Dies empfiehlt sich jedoch eher f\u00fcr &#8230; [<a href=\"https:\/\/www.bloggerjobs.de\/blog\/lexikon-blogger-software-cms\/\">mehr<\/a>]<\/p>\n<p><!--adsense#468Adw--><\/p>\n<p><b>Blogroll<\/b><br \/>\nKlassische Webseiten haben oft eine Unterseite f\u00fcr Partnerlinks, die nicht selten auch f\u00fcr Linktausch-Aktionen eingesetzt wird. Bei Blogs hat sich die sogenannte &#8230; [<a href=\"https:\/\/www.bloggerjobs.de\/blog\/lexikon-blogroll\/\">mehr<\/a>]<\/p>\n<p><b>Blog-Spam<\/b><br \/>\nDie meisten Blogs verf\u00fcgen \u00fcber eine Kommentarfunktion unter jedem Blogbeitrag. Diese dient z.B. dazu, die eigene Meinung zum Thema&#8230; [<a href=\"https:\/\/www.bloggerjobs.de\/blog\/bloglexikon-blog-spam\/\">mehr<\/a>]<\/p>\n<p><b>Blogtouren<\/b><br \/>\nEine Blogtour ist eine virtuelle Aktion, bei der Personen zu einen bestimmten Thema Gast bei &#8230; [<a href=\"https:\/\/www.bloggerjobs.de\/blog\/lexikon-blog-tour\/\">mehr<\/a>]<\/p>\n<p>&raquo; <a href=\"https:\/\/www.bloggerjobs.de\/blog\/blog-lexikon\/\">zur\u00fcck zu Lexikon \u00dcbersicht<\/a><\/p>\n","protected":false},"excerpt":{"rendered":"<p>Hier finden Sie relevante Begriffe zum Buchstaben &#8222;B&#8220;\u00a0aus der Welt der Blogs und Blogger einfach und \u00fcbersichtlich erkl\u00e4rt. Bezahlmodelle Was sind g\u00e4ngige Verg\u00fctungsmodelle f\u00fcr die Auftragsarbeiten von Bloggern? [mehr] Blog&hellip;<\/p>\n","protected":false},"author":1,"featured_media":0,"parent":0,"menu_order":0,"comment_status":"open","ping_status":"closed","template":"","meta":{"footnotes":""},"class_list":["post-290","page","type-page","status-publish","hentry","no-post-thumbnail"],"aioseo_notices":[],"jetpack_shortlink":"https:\/\/wp.me\/P4h82L-4G","_links":{"self":[{"href":"https:\/\/www.bloggerjobs.de\/blog\/wp-json\/wp\/v2\/pages\/290","targetHints":{"allow":["GET"]}}],"collection":[{"href":"https:\/\/www.bloggerjobs.de\/blog\/wp-json\/wp\/v2\/pages"}],"about":[{"href":"https:\/\/www.bloggerjobs.de\/blog\/wp-json\/wp\/v2\/types\/page"}],"author":[{"embeddable":true,"href":"https:\/\/www.bloggerjobs.de\/blog\/wp-json\/wp\/v2\/users\/1"}],"replies":[{"embeddable":true,"href":"https:\/\/www.bloggerjobs.de\/blog\/wp-json\/wp\/v2\/comments?post=290"}],"version-history":[{"count":0,"href":"https:\/\/www.bloggerjobs.de\/blog\/wp-json\/wp\/v2\/pages\/290\/revisions"}],"wp:attachment":[{"href":"https:\/\/www.bloggerjobs.de\/blog\/wp-json\/wp\/v2\/media?parent=290"}],"curies":[{"name":"wp","href":"https:\/\/api.w.org\/{rel}","templated":true}]}}