{"id":306,"date":"2019-03-01T15:05:48","date_gmt":"2019-03-01T14:05:48","guid":{"rendered":"http:\/\/www.bloggerjobs.de\/blog\/?page_id=306"},"modified":"2019-03-06T18:57:05","modified_gmt":"2019-03-06T17:57:05","slug":"lexikon-blogger-software-cms","status":"publish","type":"page","link":"https:\/\/www.bloggerjobs.de\/blog\/lexikon-blogger-software-cms\/","title":{"rendered":"Bloglexikon &raquo; Blogger Software \/ CMS"},"content":{"rendered":"<p>Software bzw. passende Content Management Systeme (CMS) f\u00fcr Blogger: Es gibt zwei M\u00f6glichkeiten, selbst einen eigenen <a href=\"https:\/\/www.bloggerjobs.de\/blog\/lexikon-blog\/\">Blog<\/a> zu betreiben. Der eine Weg ist, den Blog bei sogenannten Blog-Hostern zu erstellen. Dies empfiehlt sich jedoch eher f\u00fcr Gelegenheitsblogger oder Einsteiger. Diese Variante hat den Vorteil, dass sie in der Regel kostenlos ist. Meist erh\u00e4lt man jedoch eine Subdomain des jeweiligen Hosters als URL. Dies wirkt leider nicht sonderlich professionell. Daf\u00fcrber hinaus muss man auch mt einem sehr eingeschr\u00e4nkten Gestaltungspielraum leben, was Design und technische M\u00f6glichkeiten angeht. Die Installation spezielle Plugins z.B. ist bei Bloghostern nicht m\u00f6glich. Eine \u00dcbersicht von popul\u00e4ren Bloghostern, haben wir f\u00fcr Sie <a href=\"https:\/\/www.bloggerjobs.de\/blog\/lexikon-bloghoster\/\">hier zusammengestellt<\/a>. F\u00fcr alle, die etwas mehr mit Ihrem Blogauftritt vorhaben, ist daher folgende Variante eher empfehlenswert:<\/p>\n<p>Wer gleich richtig einsteigen will, sollte sich daher eine eigene Domain mit Webspace zulegen. Kostenpunkt ab ca. 8-12 Euro j\u00e4hrlich, also nicht mal eine Kinokarte. Der finanzielle Aufwand h\u00e4lt sich demnach stark in Grenzen. Je nach Anspruch an den Webspace (Datenbanken, Speicherplatz etc.), sind nach oben hin nat\u00fcrlich die Grenzen offen. Viele Nutzer haben \u00fcbrigens bereits etwas Webspace und eine kostenlose Domain frei und wissen es gar nicht. Einige DSL-Anbieter geben n\u00e4mlich zu den Tarifen noch ein g\u00fcnstiges Hostingpaket gratis dazu. Einfach mal in die Unterlagen schauen oder beim jeweiligen DSL Provider anrufen &#8230;<\/p>\n<p><!--adsense#468Adw--><\/p>\n<p>Neben der Domain ben\u00f6tigt Ihr nat\u00fcrlich noch die passende Blogsoftware (CMS). Hier gibt es unz\u00e4hlige Systeme. Einige der besten und popul\u00e4rsten sind folgende:<\/p>\n<p><u>Gute Blog-CMS Systeme in der \u00dcbersicht:<\/u><br \/>\n<a href=\"https:\/\/www.bloggerjobs.de\/blog\/lexikon-wordpress\/\">WordPress<\/a> &#8211;\u00a0 wordpress-deutschland.org &#8211; Top TIPP!<br \/>\nMovabletype (engl.) &#8211; www.movabletype.org<br \/>\nNukleus (engl.) &#8211; www.nucleuscms.org<br \/>\nSerendipity (engl.) &#8211;\u00a0www.s9y.org<\/p>\n<p>Am h\u00e4ufigsten findet WordPress in der Blogosph\u00e4re Einsatz. Das System zeichnet sich dadurch aus, dass es stetig weiterentwickelt wird, mittlerweile recht ressourcenschonend ist und leicht zu bedienen. Dar\u00fcber hinaus finden sich f\u00fcr WordPress tausende n\u00fctzlicher Plugins, die den Blogalltag enorm vereinfachen k\u00f6nnen. Angefangen von Plugins zur Besucherstrom-Analsyse, \u00fcber Sicherheitstools, Kontaktformularen, Social Media Tools und vielem mehr. Fast f\u00fcr jedes Problem oder Anliegen findet sich ein kostenloses Helferlein. Nicht zuletzt dieser Umstand macht WordPress wahrscheinlich zum Blogger-CMS Nummer 1 weltweit.<\/p>\n<p>&raquo; <a href=\"https:\/\/www.bloggerjobs.de\/blog\/blog-lexikon\/\">zur\u00fcck zu Lexikon \u00dcbersicht<\/a><\/p>\n","protected":false},"excerpt":{"rendered":"<p>Software bzw. passende Content Management Systeme (CMS) f\u00fcr Blogger: Es gibt zwei M\u00f6glichkeiten, selbst einen eigenen Blog zu betreiben. Der eine Weg ist, den Blog bei sogenannten Blog-Hostern zu erstellen.&hellip;<\/p>\n","protected":false},"author":1,"featured_media":0,"parent":0,"menu_order":0,"comment_status":"open","ping_status":"closed","template":"","meta":{"footnotes":""},"class_list":["post-306","page","type-page","status-publish","hentry","no-post-thumbnail"],"aioseo_notices":[],"jetpack_shortlink":"https:\/\/wp.me\/P4h82L-4W","_links":{"self":[{"href":"https:\/\/www.bloggerjobs.de\/blog\/wp-json\/wp\/v2\/pages\/306","targetHints":{"allow":["GET"]}}],"collection":[{"href":"https:\/\/www.bloggerjobs.de\/blog\/wp-json\/wp\/v2\/pages"}],"about":[{"href":"https:\/\/www.bloggerjobs.de\/blog\/wp-json\/wp\/v2\/types\/page"}],"author":[{"embeddable":true,"href":"https:\/\/www.bloggerjobs.de\/blog\/wp-json\/wp\/v2\/users\/1"}],"replies":[{"embeddable":true,"href":"https:\/\/www.bloggerjobs.de\/blog\/wp-json\/wp\/v2\/comments?post=306"}],"version-history":[{"count":0,"href":"https:\/\/www.bloggerjobs.de\/blog\/wp-json\/wp\/v2\/pages\/306\/revisions"}],"wp:attachment":[{"href":"https:\/\/www.bloggerjobs.de\/blog\/wp-json\/wp\/v2\/media?parent=306"}],"curies":[{"name":"wp","href":"https:\/\/api.w.org\/{rel}","templated":true}]}}