{"id":404,"date":"2019-02-26T16:10:07","date_gmt":"2019-02-26T15:10:07","guid":{"rendered":"http:\/\/www.bloggerjobs.de\/blog\/?page_id=404"},"modified":"2019-03-21T15:40:36","modified_gmt":"2019-03-21T14:40:36","slug":"bloglexikon-p","status":"publish","type":"page","link":"https:\/\/www.bloggerjobs.de\/blog\/bloglexikon-p\/","title":{"rendered":"Bloglexikon &raquo; P"},"content":{"rendered":"<p>Hier finden Sie relevante Begriffe zum Buchstaben &#8222;P&#8220;\u00a0aus der Welt der Blogs und Blogger einfach und \u00fcbersichtlich erkl\u00e4rt.<\/p>\n<p><b>Permalink<\/b><br \/>\nPermalink ist die abgek\u00fcrzte Schreibweise f\u00fcr einen \u201epermanenten Link\u201c. Jeder Beitrag eines Blogs hat eine &#8230; [<a href=\"https:\/\/www.bloggerjobs.de\/blog\/lexikon-permalink\/\">mehr<\/a>]<\/p>\n<p><b>Pingback<\/b><br \/>\nDas Prinzip eines Pingbacks kann man sich einfach an einem kleinen Beispiel verdeutlichen. Ein Blogger X postet einen Beitrag \u00fcber &#8230; [<a href=\"https:\/\/www.bloggerjobs.de\/blog\/lexikon-pingback\/\">mehr<\/a>]<\/p>\n<p><b>Podcast<\/b><br \/>\nPodcast ist ein Kunstwort aus den beiden Begriffen \u201eiPod\u201c und \u201eBroadcast\u201c. Ein Podcast ist somit eine Art Sender f\u00fcr Audio oder Videobeitr\u00e4ge, wobei &#8230; [<a href=\"https:\/\/www.bloggerjobs.de\/blog\/lexikon-podcast\/\">mehr<\/a>]<\/p>\n<p>&raquo; <a href=\"https:\/\/www.bloggerjobs.de\/blog\/blog-lexikon\/\">zur\u00fcck zu Lexikon \u00dcbersicht<\/a><\/p>\n","protected":false},"excerpt":{"rendered":"<p>Hier finden Sie relevante Begriffe zum Buchstaben &#8222;P&#8220;\u00a0aus der Welt der Blogs und Blogger einfach und \u00fcbersichtlich erkl\u00e4rt. Permalink Permalink ist die abgek\u00fcrzte Schreibweise f\u00fcr einen \u201epermanenten Link\u201c. Jeder Beitrag&hellip;<\/p>\n","protected":false},"author":1,"featured_media":0,"parent":0,"menu_order":0,"comment_status":"open","ping_status":"closed","template":"","meta":{"footnotes":""},"class_list":["post-404","page","type-page","status-publish","hentry","no-post-thumbnail"],"aioseo_notices":[],"jetpack_shortlink":"https:\/\/wp.me\/P4h82L-6w","_links":{"self":[{"href":"https:\/\/www.bloggerjobs.de\/blog\/wp-json\/wp\/v2\/pages\/404","targetHints":{"allow":["GET"]}}],"collection":[{"href":"https:\/\/www.bloggerjobs.de\/blog\/wp-json\/wp\/v2\/pages"}],"about":[{"href":"https:\/\/www.bloggerjobs.de\/blog\/wp-json\/wp\/v2\/types\/page"}],"author":[{"embeddable":true,"href":"https:\/\/www.bloggerjobs.de\/blog\/wp-json\/wp\/v2\/users\/1"}],"replies":[{"embeddable":true,"href":"https:\/\/www.bloggerjobs.de\/blog\/wp-json\/wp\/v2\/comments?post=404"}],"version-history":[{"count":0,"href":"https:\/\/www.bloggerjobs.de\/blog\/wp-json\/wp\/v2\/pages\/404\/revisions"}],"wp:attachment":[{"href":"https:\/\/www.bloggerjobs.de\/blog\/wp-json\/wp\/v2\/media?parent=404"}],"curies":[{"name":"wp","href":"https:\/\/api.w.org\/{rel}","templated":true}]}}