{"id":408,"date":"2019-03-01T15:10:15","date_gmt":"2019-03-01T14:10:15","guid":{"rendered":"http:\/\/www.bloggerjobs.de\/blog\/?page_id=408"},"modified":"2019-03-21T15:41:39","modified_gmt":"2019-03-21T14:41:39","slug":"lexikon-rss-feeds","status":"publish","type":"page","link":"https:\/\/www.bloggerjobs.de\/blog\/lexikon-rss-feeds\/","title":{"rendered":"Bloglexikon &raquo; RSS Feeds"},"content":{"rendered":"<h3>Was sind RSS\u00a0Feeds?<\/h3>\n<p>RSS bedeutet \u201eReally Simple Syndication\u201c. Zu Deutsch soviel wie \u201ewirklich einfache Verbreitung\u201c. RSS ist ein modernes Hilfsmittel zur Verbreitung von Inhalten im Internet, besonders im \u201eWeb2.0\u201c. Vorstellen kann man sich das wie eine Art Abo seiner Lieblingszeitung.<\/p>\n<p><!--adsense#468Adw--><\/p>\n<p>Gefallen z.B. die Postings eines bestimmten <a href=\"https:\/\/www.bloggerjobs.de\/blog\/lexikon-blog\/\">Blogs<\/a> oder m\u00f6chte man regelm\u00e4\u00dfig \u00fcber neue <a href=\"https:\/\/www.bloggerjobs.de\">Jobs<\/a> eines Jobportals auf dem Laufenden bleiben, ohne st\u00e4ndig die Seite zu besuchen, gen\u00fcgt das Abo des RSS-Feeds. \u201eFeed\u201c bedeutet dabei soviel, wie \u201espeisen\u201c oder \u201ezuf\u00fchren\u201c. Bei Bloggerjobs.de k\u00f6nnen Sie nat\u00fcrlich auch alle neuen Angebote als Feed <a href=\"https:\/\/www.bloggerjobs.de\/rss\/\">abonnieren<\/a> und verfolgen.<\/p>\n<p>RSS-Feed-Reader erleichtern den Umgang und das Management der abonnierten Feeds. F\u00fcr den Browser Firefox finden Sie hier z.B. eine \u00dcbersicht guter RSS-Reader-Plugins. Sehr interessant finden wir zudem <a href=\"https:\/\/www.chip.de\/downloads\/Feedreader_33679848.html\" target=\"_blank\" rel=\"noopener noreferrer\">dieses Tool<\/a> f\u00fcr Windows.<\/p>\n<p>&raquo; <a href=\"https:\/\/www.bloggerjobs.de\/blog\/blog-lexikon\/\">zur\u00fcck zu Lexikon \u00dcbersicht<\/a><\/p>\n","protected":false},"excerpt":{"rendered":"<p>Was sind RSS\u00a0Feeds? RSS bedeutet \u201eReally Simple Syndication\u201c. Zu Deutsch soviel wie \u201ewirklich einfache Verbreitung\u201c. RSS ist ein modernes Hilfsmittel zur Verbreitung von Inhalten im Internet, besonders im \u201eWeb2.0\u201c. Vorstellen&hellip;<\/p>\n","protected":false},"author":1,"featured_media":0,"parent":0,"menu_order":0,"comment_status":"open","ping_status":"closed","template":"","meta":{"footnotes":""},"class_list":["post-408","page","type-page","status-publish","hentry","no-post-thumbnail"],"aioseo_notices":[],"jetpack_shortlink":"https:\/\/wp.me\/P4h82L-6A","_links":{"self":[{"href":"https:\/\/www.bloggerjobs.de\/blog\/wp-json\/wp\/v2\/pages\/408","targetHints":{"allow":["GET"]}}],"collection":[{"href":"https:\/\/www.bloggerjobs.de\/blog\/wp-json\/wp\/v2\/pages"}],"about":[{"href":"https:\/\/www.bloggerjobs.de\/blog\/wp-json\/wp\/v2\/types\/page"}],"author":[{"embeddable":true,"href":"https:\/\/www.bloggerjobs.de\/blog\/wp-json\/wp\/v2\/users\/1"}],"replies":[{"embeddable":true,"href":"https:\/\/www.bloggerjobs.de\/blog\/wp-json\/wp\/v2\/comments?post=408"}],"version-history":[{"count":0,"href":"https:\/\/www.bloggerjobs.de\/blog\/wp-json\/wp\/v2\/pages\/408\/revisions"}],"wp:attachment":[{"href":"https:\/\/www.bloggerjobs.de\/blog\/wp-json\/wp\/v2\/media?parent=408"}],"curies":[{"name":"wp","href":"https:\/\/api.w.org\/{rel}","templated":true}]}}