{"id":424,"date":"2019-02-26T15:10:56","date_gmt":"2019-02-26T14:10:56","guid":{"rendered":"http:\/\/www.bloggerjobs.de\/blog\/?page_id=424"},"modified":"2019-03-21T15:43:09","modified_gmt":"2019-03-21T14:43:09","slug":"bloglexikon-v","status":"publish","type":"page","link":"https:\/\/www.bloggerjobs.de\/blog\/bloglexikon-v\/","title":{"rendered":"Bloglexikon &raquo; V"},"content":{"rendered":"<p>Hier finden Sie relevante Begriffe zum Buchstaben &#8222;V&#8220;\u00a0aus der Welt der Blogs und Blogger einfach und \u00fcbersichtlich erkl\u00e4rt.<\/p>\n<p><b>Verg\u00fctung<\/b><br \/>\nWelche Form der Verg\u00fctungen gibt es f\u00fcr Blogger und wie unterscheiden sich diese? [<a href=\"ttp:\/\/www.bloggerjobs.de\/blog\/lexikon-entlohnung-blogger\/\">mehr<\/a>]<\/p>\n<p><b>Verweildauer<\/b><br \/>\nWussten Sie, dass Besucher, die sich l\u00e4nger auf ihrem Blog aufhalten sehr wertvoll sind? Auch f\u00fcrs Ranking? [<a href=\"https:\/\/www.bloggerjobs.de\/blog\/lexikon-verweildauer\/\">mehr<\/a>]<\/p>\n<p><b>Views &#038; Visits<\/b><br \/>\nWas versteht man unter diesen wichtigen Ma\u00dfzahlen? [<a href=\"https:\/\/www.bloggerjobs.de\/blog\/lexikon-visits-und-views\/ \">mehr<\/a>]<\/p>\n<p><b>Video-Blog<\/b><br \/>\nEin Videoblog ist ein Blog, in welchen ma\u00dfgeblich kein Text gepostet wird sondern &#8230; [<a href=\"https:\/\/www.bloggerjobs.de\/blog\/lexikon-videoblog-vblog\/\">mehr<\/a>]<\/p>\n<p>&raquo; <a href=\"https:\/\/www.bloggerjobs.de\/blog\/blog-lexikon\/\">zur\u00fcck zu Lexikon \u00dcbersicht<\/a><\/p>\n","protected":false},"excerpt":{"rendered":"<p>Hier finden Sie relevante Begriffe zum Buchstaben &#8222;V&#8220;\u00a0aus der Welt der Blogs und Blogger einfach und \u00fcbersichtlich erkl\u00e4rt. Verg\u00fctung Welche Form der Verg\u00fctungen gibt es f\u00fcr Blogger und wie unterscheiden&hellip;<\/p>\n","protected":false},"author":1,"featured_media":0,"parent":0,"menu_order":0,"comment_status":"open","ping_status":"closed","template":"","meta":{"footnotes":""},"class_list":["post-424","page","type-page","status-publish","hentry","no-post-thumbnail"],"aioseo_notices":[],"jetpack_shortlink":"https:\/\/wp.me\/P4h82L-6Q","_links":{"self":[{"href":"https:\/\/www.bloggerjobs.de\/blog\/wp-json\/wp\/v2\/pages\/424","targetHints":{"allow":["GET"]}}],"collection":[{"href":"https:\/\/www.bloggerjobs.de\/blog\/wp-json\/wp\/v2\/pages"}],"about":[{"href":"https:\/\/www.bloggerjobs.de\/blog\/wp-json\/wp\/v2\/types\/page"}],"author":[{"embeddable":true,"href":"https:\/\/www.bloggerjobs.de\/blog\/wp-json\/wp\/v2\/users\/1"}],"replies":[{"embeddable":true,"href":"https:\/\/www.bloggerjobs.de\/blog\/wp-json\/wp\/v2\/comments?post=424"}],"version-history":[{"count":0,"href":"https:\/\/www.bloggerjobs.de\/blog\/wp-json\/wp\/v2\/pages\/424\/revisions"}],"wp:attachment":[{"href":"https:\/\/www.bloggerjobs.de\/blog\/wp-json\/wp\/v2\/media?parent=424"}],"curies":[{"name":"wp","href":"https:\/\/api.w.org\/{rel}","templated":true}]}}